{"id":1101,"date":"2017-07-27T21:57:38","date_gmt":"2017-07-27T19:57:38","guid":{"rendered":"http:\/\/www.parcdeladranse.com\/camping\/?page_id=1101"},"modified":"2021-02-11T19:36:43","modified_gmt":"2021-02-11T18:36:43","slug":"galerie-photo","status":"publish","type":"page","link":"https:\/\/www.parcdeladranse.com\/camping\/galerie-photo\/","title":{"rendered":"Galerie Photos"},"content":{"rendered":"<div class=\"wpb-content-wrapper\"><p>[vc_row][vc_column]<h1 style=\"color:;\" class=\"  center\">Galerie Photos<\/h1>[vc_empty_space height=\u00a0\u00bb20px\u00a0\u00bb]<h3 style=\"color:;\" class=\"  center\">Notre s\u00e9lection de photos du parc de la dranse et de ses alentours<\/h3>[vc_empty_space height=\u00a0\u00bb20px\u00a0\u00bb]<div class=\"nicdark_divider  center big \"><span style=\"background-color:#f1f1f1;\" ><\/span><\/div>[vc_empty_space height=\u00a0\u00bb20px\u00a0\u00bb][vc_column_text]Le\u00a0camping du \u00a0parc de la Dranse est situ\u00e9 \u00e0 un endroit strat\u00e9gique. De ce fait, il dispose de plein d&rsquo;activit\u00e9s \u00e0 proximit\u00e9 comme :<\/p>\n<ul>\n<li>\u00a0<a href=\"https:\/\/www.evianresort-golf-club.com\" target=\"_blank\" rel=\"noopener noreferrer\">le golf d\u2019Evian<\/a>,<\/li>\n<li>La Cit\u00e9 de L&rsquo;eau \u00e0 800 m,<\/li>\n<li>le domaine skiable,<\/li>\n<li>la location de p\u00e9dalos,<\/li>\n<li>des chemins de randonn\u00e9es\u00a0p\u00e9destres ou en VTT,<\/li>\n<li>des lieux de p\u00eache,<\/li>\n<li>et encore d\u2019autres.<\/li>\n<\/ul>\n<p>Mais il y\u00a0a aussi d\u2019autres lieux \u00e0 d\u00e9couvrir comme la cit\u00e9 de l&rsquo;eau, le lac L\u00e9man, la ville d\u2019Evian, les environs, \u2026<\/p>\n<p>Venez d\u00e9couvrir cette belle r\u00e9gion qui cache de belles\u00a0surprises.[\/vc_column_text][vc_empty_space height=\u00a0\u00bb40px\u00a0\u00bb][vc_gallery type=\u00a0\u00bbimage_grid\u00a0\u00bb images=\u00a0\u00bb1125,1084,1077,1059,1118,1114,1117,1126,1128,1082,1081,1116,1074,1275,1277,1278,1280,1281,1282,1283,1284,1285,1286,1287,1289,1290,1291,1398,1402,1405,1408,1409,1410,1411,1407&Prime; img_size=\u00a0\u00bb\u00a0\u00bb][vc_empty_space height=\u00a0\u00bb40px\u00a0\u00bb][\/vc_column][\/vc_row][vc_row full_width=\u00a0\u00bbstretch_row_content_no_spaces\u00a0\u00bb css=\u00a0\u00bb.vc_custom_1523806764608{background-color: #76b38f !important;}\u00a0\u00bb][vc_column][vc_empty_space][vc_column_text]<\/p>\n<h4 style=\"text-align: center; color: white;\">Si vous \u00eates int\u00e9ress\u00e9(e)s par la location d&rsquo;une de nos r\u00e9sidences, vous pouvez t\u00e9l\u00e9charger ce contrat de location<\/h4>\n<p>[\/vc_column_text][vc_empty_space][vc_btn title=\u00a0\u00bbCONTRAT DE LOCATION\u00a0\u00bb style=\u00a0\u00bbcustom\u00a0\u00bb custom_background=\u00a0\u00bb#ffffff\u00a0\u00bb custom_text=\u00a0\u00bb#76b38f\u00a0\u00bb shape=\u00a0\u00bbsquare\u00a0\u00bb align=\u00a0\u00bbcenter\u00a0\u00bb i_icon_fontawesome=\u00a0\u00bbfa fa-newspaper-o\u00a0\u00bb link=\u00a0\u00bburl:http%3A%2F%2Fparcdeladranse.com%2Fcamping%2Fwp-content%2Fuploads%2Fcontrat-reservation.pdf|title:contrat%20de%20location|\u00a0\u00bb add_icon=\u00a0\u00bbtrue\u00a0\u00bb][vc_empty_space][\/vc_column][\/vc_row]<\/p>\n<\/div>","protected":false},"excerpt":{"rendered":"<p>[vc_row][vc_column][vc_empty_space height=\u00a0\u00bb20px\u00a0\u00bb][vc_empty_space height=\u00a0\u00bb20px\u00a0\u00bb][vc_empty_space height=\u00a0\u00bb20px\u00a0\u00bb][vc_column_text]Le\u00a0camping du \u00a0parc de la Dranse est situ\u00e9 \u00e0 un endroit strat\u00e9gique. De ce fait, il dispose de plein d&rsquo;activit\u00e9s \u00e0 proximit\u00e9 comme : \u00a0le golf d\u2019Evian, La Cit\u00e9 de L&rsquo;eau \u00e0 800 m, le domaine skiable, la location de p\u00e9dalos, des chemins de randonn\u00e9es\u00a0p\u00e9destres ou en VTT, des lieux de p\u00eache, &#8230;<\/p>\n","protected":false},"author":1,"featured_media":1160,"parent":0,"menu_order":0,"comment_status":"closed","ping_status":"closed","template":"","meta":{"footnotes":""},"categories":[],"tags":[],"class_list":["post-1101","page","type-page","status-publish","has-post-thumbnail","hentry"],"_links":{"self":[{"href":"https:\/\/www.parcdeladranse.com\/camping\/wp-json\/wp\/v2\/pages\/1101","targetHints":{"allow":["GET"]}}],"collection":[{"href":"https:\/\/www.parcdeladranse.com\/camping\/wp-json\/wp\/v2\/pages"}],"about":[{"href":"https:\/\/www.parcdeladranse.com\/camping\/wp-json\/wp\/v2\/types\/page"}],"author":[{"embeddable":true,"href":"https:\/\/www.parcdeladranse.com\/camping\/wp-json\/wp\/v2\/users\/1"}],"replies":[{"embeddable":true,"href":"https:\/\/www.parcdeladranse.com\/camping\/wp-json\/wp\/v2\/comments?post=1101"}],"version-history":[{"count":40,"href":"https:\/\/www.parcdeladranse.com\/camping\/wp-json\/wp\/v2\/pages\/1101\/revisions"}],"predecessor-version":[{"id":1413,"href":"https:\/\/www.parcdeladranse.com\/camping\/wp-json\/wp\/v2\/pages\/1101\/revisions\/1413"}],"wp:featuredmedia":[{"embeddable":true,"href":"https:\/\/www.parcdeladranse.com\/camping\/wp-json\/wp\/v2\/media\/1160"}],"wp:attachment":[{"href":"https:\/\/www.parcdeladranse.com\/camping\/wp-json\/wp\/v2\/media?parent=1101"}],"wp:term":[{"taxonomy":"category","embeddable":true,"href":"https:\/\/www.parcdeladranse.com\/camping\/wp-json\/wp\/v2\/categories?post=1101"},{"taxonomy":"post_tag","embeddable":true,"href":"https:\/\/www.parcdeladranse.com\/camping\/wp-json\/wp\/v2\/tags?post=1101"}],"curies":[{"name":"wp","href":"https:\/\/api.w.org\/{rel}","templated":true}]}}