{"id":169,"date":"2016-02-17T11:21:05","date_gmt":"2016-02-17T11:21:05","guid":{"rendered":"http:\/\/www.nicdarkthemes.com\/themes\/camping-village\/wp\/demo\/?page_id=169"},"modified":"2026-03-23T14:44:49","modified_gmt":"2026-03-23T13:44:49","slug":"tarifs","status":"publish","type":"page","link":"https:\/\/www.parcdeladranse.com\/camping\/tarifs\/","title":{"rendered":"Prix"},"content":{"rendered":"<div class=\"wpb-content-wrapper\"><p>[vc_row css=\u00a0\u00bb.vc_custom_1422883163860{margin-top: 60px !important;}\u00a0\u00bb idsection=\u00a0\u00bbmain-pack-row-price\u00a0\u00bb][vc_column css=\u00a0\u00bb.vc_custom_1456152203962{padding-top: 0px !important;}\u00a0\u00bb]<h1 style=\"color:#6b7671;\" class=\" subtitle left\">Les tarifs<\/h1>[vc_empty_space height=\u00a0\u00bb20px\u00a0\u00bb]<h3 style=\"color:#494949;\" class=\" subtitle left\">D\u00e9couvrez nos tarifs et choisissez le cottage id\u00e9al pour des vacances tout confort, au c\u0153ur de la nature.<\/h3>[vc_empty_space height=\u00a0\u00bb20px\u00a0\u00bb][vc_btn title=\u00a0\u00bbNOS TARIFS\u00a0\u00bb style=\u00a0\u00bbcustom\u00a0\u00bb custom_background=\u00a0\u00bb#6088a4&Prime; custom_text=\u00a0\u00bb#ffffff\u00a0\u00bb shape=\u00a0\u00bbsquare\u00a0\u00bb align=\u00a0\u00bbleft\u00a0\u00bb i_align=\u00a0\u00bbright\u00a0\u00bb i_icon_fontawesome=\u00a0\u00bbfa fa-solid fa-euro-sign\u00a0\u00bb css=\u00a0\u00bb\u00a0\u00bb add_icon=\u00a0\u00bbtrue\u00a0\u00bb link=\u00a0\u00bburl:https%3A%2F%2Fwww.parcdeladranse.com%2Fcamping%2Fwp-content%2Fuploads%2F2026%2F03%2FTarifs_2026_CottageV1.pdf|target:_blank\u00a0\u00bb][vc_empty_space height=\u00a0\u00bb70px\u00a0\u00bb]<div class=\"nicdark_divider  left big \"><span style=\"background-color:#f1f1f1;\" ><\/span><\/div>[vc_empty_space height=\u00a0\u00bb20px\u00a0\u00bb]<h3 style=\"color:;\" class=\"  \">Nos diff\u00e9rents cottages<\/h3>[vc_empty_space height=\u00a0\u00bb20px\u00a0\u00bb][\/vc_column][\/vc_row][vc_row css=\u00a0\u00bb.vc_custom_1422883299061{margin-top: 30px !important;}\u00a0\u00bb idsection=\u00a0\u00bbprice-vert-row-price\u00a0\u00bb][vc_column width=\u00a0\u00bb1\/4&Prime; css=\u00a0\u00bb.vc_custom_1422884547839{margin-bottom: 20px !important;}\u00a0\u00bb]\n      \n    <div class=\"nicdark_archive1 center nicdark_bg_greydark  \">\n                \n                \n                <div class=\"nicdark_textevidence nicdark_bg_greydark \">\n                    <h4 class=\"white nicdark_margin20\">SUITE ZEN<\/h4>\n                <\/div>\n\n\n                <div style=\"background:url(https:\/\/www.parcdeladranse.com\/camping\/wp-content\/uploads\/2017\/04\/Suite-Zen-1024x678.jpg); background-size:cover;\" class=\"nicdark_archive1\">\n                    <div class=\"nicdark_filter greydark\">\n\n                        <div class=\"nicdark_space40\"><\/div>\n                        \n                        <h3 class=\"white subtitle\"><\/h3>\n                        <div class=\"nicdark_space20\"><\/div>\n                        <div class=\"nicdark_divider small\"><span class=\"nicdark_bg_white \"><\/span><\/div>\n                        <div class=\"nicdark_space20\"><\/div>\n                        <h4 class=\"white subtitle\"><\/h4>\n\n                        <div class=\"nicdark_space40\"><\/div>\n\n                    <\/div>\n                <\/div>\n\n                <div class=\"nicdark_textevidence nicdark_bg_grey nicdark_border_grey nicdark_sizing\">\n                    <div style=\"display:block;\" class=\"nicdark_margin20 nicdark_archive1_content\"><\/div>\n                <\/div>\n\n                <a target=\"\" href=\"http:\/\/www.parcdeladranse.com\/camping\/accommodations\/suite-zen\/\" class=\"white nicdark_btn nicdark_bg_greydark medium nicdark_radius_bottom\">En savoir +<\/a>\n\n            <\/div>\n\n   [\/vc_column][vc_column width=\u00a0\u00bb1\/4&Prime; css=\u00a0\u00bb.vc_custom_1422884554987{margin-bottom: 20px !important;}\u00a0\u00bb]\n      \n    <div class=\"nicdark_archive1 center nicdark_bg_greydark  \">\n                \n                \n                <div class=\"nicdark_textevidence nicdark_bg_greydark \">\n                    <h4 class=\"white nicdark_margin20\">COTTAGE CONFORT 2<\/h4>\n                <\/div>\n\n\n                <div style=\"background:url(https:\/\/www.parcdeladranse.com\/camping\/wp-content\/uploads\/2016\/02\/cottage-2-ext-e1501184338429-1024x609.jpg); background-size:cover;\" class=\"nicdark_archive1\">\n                    <div class=\"nicdark_filter greydark\">\n\n                        <div class=\"nicdark_space40\"><\/div>\n                        \n                        <h3 class=\"white subtitle\"><\/h3>\n                        <div class=\"nicdark_space20\"><\/div>\n                        <div class=\"nicdark_divider small\"><span class=\"nicdark_bg_white \"><\/span><\/div>\n                        <div class=\"nicdark_space20\"><\/div>\n                        <h4 class=\"white subtitle\"><\/h4>\n\n                        <div class=\"nicdark_space40\"><\/div>\n\n                    <\/div>\n                <\/div>\n\n                <div class=\"nicdark_textevidence nicdark_bg_grey nicdark_border_grey nicdark_sizing\">\n                    <div style=\"display:block;\" class=\"nicdark_margin20 nicdark_archive1_content\"><\/div>\n                <\/div>\n\n                <a target=\"\" href=\"http:\/\/www.parcdeladranse.com\/camping\/accommodations\/cottage-confort-2\/\" class=\"white nicdark_btn nicdark_bg_greydark medium nicdark_radius_bottom\">En savoir +<\/a>\n\n            <\/div>\n\n   [\/vc_column][vc_column width=\u00a0\u00bb1\/4&Prime; css=\u00a0\u00bb.vc_custom_1422884562450{margin-bottom: 20px !important;}\u00a0\u00bb]\n      \n    <div class=\"nicdark_archive1 center nicdark_bg_greydark  \">\n                \n                \n                <div class=\"nicdark_textevidence nicdark_bg_greydark \">\n                    <h4 class=\"white nicdark_margin20\">COTTAGE CONFORT 3<\/h4>\n                <\/div>\n\n\n                <div style=\"background:url(https:\/\/www.parcdeladranse.com\/camping\/wp-content\/uploads\/2016\/02\/cottage-3-ext-bis2-1024x678.jpg); background-size:cover;\" class=\"nicdark_archive1\">\n                    <div class=\"nicdark_filter greydark\">\n\n                        <div class=\"nicdark_space40\"><\/div>\n                        \n                        <h3 class=\"white subtitle\"><\/h3>\n                        <div class=\"nicdark_space20\"><\/div>\n                        <div class=\"nicdark_divider small\"><span class=\"nicdark_bg_white \"><\/span><\/div>\n                        <div class=\"nicdark_space20\"><\/div>\n                        <h4 class=\"white subtitle\"><\/h4>\n\n                        <div class=\"nicdark_space40\"><\/div>\n\n                    <\/div>\n                <\/div>\n\n                <div class=\"nicdark_textevidence nicdark_bg_grey nicdark_border_grey nicdark_sizing\">\n                    <div style=\"display:block;\" class=\"nicdark_margin20 nicdark_archive1_content\"><\/div>\n                <\/div>\n\n                <a target=\"\" href=\"http:\/\/www.parcdeladranse.com\/camping\/accommodations\/cottage-confort-3\/\" class=\"white nicdark_btn nicdark_bg_greydark medium nicdark_radius_bottom\">En savoir +<\/a>\n\n            <\/div>\n\n   [\/vc_column][vc_column width=\u00a0\u00bb1\/4&Prime; css=\u00a0\u00bb.vc_custom_1422884570895{margin-bottom: 20px !important;}\u00a0\u00bb]\n      \n    <div class=\"nicdark_archive1 center nicdark_bg_greydark  \">\n                \n                \n                <div class=\"nicdark_textevidence nicdark_bg_greydark \">\n                    <h4 class=\"white nicdark_margin20\">COTTAGE LUXE<\/h4>\n                <\/div>\n\n\n                <div style=\"background:url(https:\/\/www.parcdeladranse.com\/camping\/wp-content\/uploads\/2016\/02\/TA-PH1-1024x610.jpg); background-size:cover;\" class=\"nicdark_archive1\">\n                    <div class=\"nicdark_filter greydark\">\n\n                        <div class=\"nicdark_space40\"><\/div>\n                        \n                        <h3 class=\"white subtitle\"><\/h3>\n                        <div class=\"nicdark_space20\"><\/div>\n                        <div class=\"nicdark_divider small\"><span class=\"nicdark_bg_white \"><\/span><\/div>\n                        <div class=\"nicdark_space20\"><\/div>\n                        <h4 class=\"white subtitle\"><\/h4>\n\n                        <div class=\"nicdark_space40\"><\/div>\n\n                    <\/div>\n                <\/div>\n\n                <div class=\"nicdark_textevidence nicdark_bg_grey nicdark_border_grey nicdark_sizing\">\n                    <div style=\"display:block;\" class=\"nicdark_margin20 nicdark_archive1_content\"><\/div>\n                <\/div>\n\n                <a target=\"\" href=\"http:\/\/www.parcdeladranse.com\/camping\/accommodations\/cottage-luxe\/\" class=\"white nicdark_btn nicdark_bg_greydark medium nicdark_radius_bottom\">En savoir +<\/a>\n\n            <\/div>\n\n   [\/vc_column][\/vc_row][vc_row full_width=\u00a0\u00bbstretch_row\u00a0\u00bb parallax=\u00a0\u00bbcontent-moving\u00a0\u00bb parallax_image=\u00a0\u00bb160&Prime; imgparallax=\u00a0\u00bbyes\u00a0\u00bb srcparallax=\u00a0\u00bb1954&Prime; filter=\u00a0\u00bbgreydark\u00a0\u00bb idparallax=\u00a0\u00bbbuttons-row-pricee\u00a0\u00bb css=\u00a0\u00bb.vc_custom_1456152161182{margin-top: 40px !important;}\u00a0\u00bb][vc_column css=\u00a0\u00bb.vc_custom_1456152942617{padding-top: 0px !important;}\u00a0\u00bb][vc_row_inner css=\u00a0\u00bb.vc_custom_1456153155578{padding-top: 80px !important;padding-bottom: 60px !important;}\u00a0\u00bb][vc_column_inner width=\u00a0\u00bb1\/2&Prime; css=\u00a0\u00bb.vc_custom_1444406552862{margin-top: 20px !important;margin-bottom: 20px !important;}\u00a0\u00bb][vc_btn title=\u00a0\u00bbSERVICES\u00a0\u00bb style=\u00a0\u00bbcustom\u00a0\u00bb custom_background=\u00a0\u00bb#6088a4&Prime; custom_text=\u00a0\u00bb#ffffff\u00a0\u00bb shape=\u00a0\u00bbsquare\u00a0\u00bb align=\u00a0\u00bbcenter\u00a0\u00bb i_icon_fontawesome=\u00a0\u00bbfa fa-list\u00a0\u00bb add_icon=\u00a0\u00bbtrue\u00a0\u00bb link=\u00a0\u00bburl:http%3A%2F%2Fparcdeladranse.com%2Fcamping%2Fservices%2F||\u00a0\u00bb][\/vc_column_inner][vc_column_inner width=\u00a0\u00bb1\/2&Prime; css=\u00a0\u00bb.vc_custom_1444406562215{margin-top: 20px !important;margin-bottom: 20px !important;}\u00a0\u00bb][vc_btn title=\u00a0\u00bbCONTACT\u00a0\u00bb style=\u00a0\u00bbcustom\u00a0\u00bb custom_background=\u00a0\u00bb#6088a4&Prime; custom_text=\u00a0\u00bb#ffffff\u00a0\u00bb shape=\u00a0\u00bbsquare\u00a0\u00bb align=\u00a0\u00bbcenter\u00a0\u00bb i_icon_fontawesome=\u00a0\u00bbfa fa-envelope-o\u00a0\u00bb add_icon=\u00a0\u00bbtrue\u00a0\u00bb link=\u00a0\u00bburl:http%3A%2F%2Fparcdeladranse.com%2Fcamping%2Fcontact%2F||\u00a0\u00bb][\/vc_column_inner][\/vc_row_inner][\/vc_column][\/vc_row]<\/p>\n<\/div>","protected":false},"excerpt":{"rendered":"<p>[vc_row css=\u00a0\u00bb.vc_custom_1422883163860{margin-top: 60px !important;}\u00a0\u00bb idsection=\u00a0\u00bbmain-pack-row-price\u00a0\u00bb][vc_column css=\u00a0\u00bb.vc_custom_1456152203962{padding-top: 0px !important;}\u00a0\u00bb][vc_empty_space height=\u00a0\u00bb20px\u00a0\u00bb][vc_empty_space height=\u00a0\u00bb20px\u00a0\u00bb][vc_btn title=\u00a0\u00bbNOS TARIFS\u00a0\u00bb style=\u00a0\u00bbcustom\u00a0\u00bb custom_background=\u00a0\u00bb#6088a4&Prime; custom_text=\u00a0\u00bb#ffffff\u00a0\u00bb shape=\u00a0\u00bbsquare\u00a0\u00bb align=\u00a0\u00bbleft\u00a0\u00bb i_align=\u00a0\u00bbright\u00a0\u00bb i_icon_fontawesome=\u00a0\u00bbfa fa-solid fa-euro-sign\u00a0\u00bb css=\u00a0\u00bb\u00a0\u00bb add_icon=\u00a0\u00bbtrue\u00a0\u00bb link=\u00a0\u00bburl:https%3A%2F%2Fwww.parcdeladranse.com%2Fcamping%2Fwp-content%2Fuploads%2F2026%2F03%2FTarifs_2026_CottageV1.pdf|target:_blank\u00a0\u00bb][vc_empty_space height=\u00a0\u00bb70px\u00a0\u00bb][vc_empty_space height=\u00a0\u00bb20px\u00a0\u00bb][vc_empty_space height=\u00a0\u00bb20px\u00a0\u00bb][\/vc_column][\/vc_row][vc_row css=\u00a0\u00bb.vc_custom_1422883299061{margin-top: 30px !important;}\u00a0\u00bb idsection=\u00a0\u00bbprice-vert-row-price\u00a0\u00bb][vc_column width=\u00a0\u00bb1\/4&Prime; css=\u00a0\u00bb.vc_custom_1422884547839{margin-bottom: 20px !important;}\u00a0\u00bb][\/vc_column][vc_column width=\u00a0\u00bb1\/4&Prime; css=\u00a0\u00bb.vc_custom_1422884554987{margin-bottom: 20px !important;}\u00a0\u00bb][\/vc_column][vc_column width=\u00a0\u00bb1\/4&Prime; css=\u00a0\u00bb.vc_custom_1422884562450{margin-bottom: 20px !important;}\u00a0\u00bb][\/vc_column][vc_column width=\u00a0\u00bb1\/4&Prime; css=\u00a0\u00bb.vc_custom_1422884570895{margin-bottom: 20px !important;}\u00a0\u00bb][\/vc_column][\/vc_row][vc_row full_width=\u00a0\u00bbstretch_row\u00a0\u00bb parallax=\u00a0\u00bbcontent-moving\u00a0\u00bb parallax_image=\u00a0\u00bb160&Prime; imgparallax=\u00a0\u00bbyes\u00a0\u00bb srcparallax=\u00a0\u00bb1954&Prime; filter=\u00a0\u00bbgreydark\u00a0\u00bb idparallax=\u00a0\u00bbbuttons-row-pricee\u00a0\u00bb css=\u00a0\u00bb.vc_custom_1456152161182{margin-top: &#8230;<\/p>\n","protected":false},"author":1,"featured_media":0,"parent":0,"menu_order":0,"comment_status":"closed","ping_status":"closed","template":"","meta":{"footnotes":""},"categories":[],"tags":[],"class_list":["post-169","page","type-page","status-publish","hentry"],"_links":{"self":[{"href":"https:\/\/www.parcdeladranse.com\/camping\/wp-json\/wp\/v2\/pages\/169","targetHints":{"allow":["GET"]}}],"collection":[{"href":"https:\/\/www.parcdeladranse.com\/camping\/wp-json\/wp\/v2\/pages"}],"about":[{"href":"https:\/\/www.parcdeladranse.com\/camping\/wp-json\/wp\/v2\/types\/page"}],"author":[{"embeddable":true,"href":"https:\/\/www.parcdeladranse.com\/camping\/wp-json\/wp\/v2\/users\/1"}],"replies":[{"embeddable":true,"href":"https:\/\/www.parcdeladranse.com\/camping\/wp-json\/wp\/v2\/comments?post=169"}],"version-history":[{"count":63,"href":"https:\/\/www.parcdeladranse.com\/camping\/wp-json\/wp\/v2\/pages\/169\/revisions"}],"predecessor-version":[{"id":1591,"href":"https:\/\/www.parcdeladranse.com\/camping\/wp-json\/wp\/v2\/pages\/169\/revisions\/1591"}],"wp:attachment":[{"href":"https:\/\/www.parcdeladranse.com\/camping\/wp-json\/wp\/v2\/media?parent=169"}],"wp:term":[{"taxonomy":"category","embeddable":true,"href":"https:\/\/www.parcdeladranse.com\/camping\/wp-json\/wp\/v2\/categories?post=169"},{"taxonomy":"post_tag","embeddable":true,"href":"https:\/\/www.parcdeladranse.com\/camping\/wp-json\/wp\/v2\/tags?post=169"}],"curies":[{"name":"wp","href":"https:\/\/api.w.org\/{rel}","templated":true}]}}