{"id":892,"date":"2017-05-10T10:45:01","date_gmt":"2017-05-10T08:45:01","guid":{"rendered":"http:\/\/www.parcdeladranse.com\/camping\/?page_id=892"},"modified":"2026-03-23T10:48:41","modified_gmt":"2026-03-23T09:48:41","slug":"emplacements","status":"publish","type":"page","link":"https:\/\/www.parcdeladranse.com\/camping\/emplacements\/","title":{"rendered":"Emplacements"},"content":{"rendered":"<div class=\"wpb-content-wrapper\"><p>[vc_row][vc_column][vc_column_text]<p>[\/vc_column_text][\/vc_column][\/vc_row][vc_row][vc_column][vc_single_image image=\u00a0\u00bb1569&Prime; img_size=\u00a0\u00bbfull\u00a0\u00bb alignment=\u00a0\u00bbcenter\u00a0\u00bb css=\u00a0\u00bb\u00a0\u00bb][\/vc_column][\/vc_row][vc_row][vc_column][vc_empty_space height=\u00a0\u00bb40px\u00a0\u00bb][\/vc_column][\/vc_row][vc_row][vc_column][vc_column_text]<\/p>\n<\/p>\r\n<p><p>[\/vc_column_text][\/vc_column][\/vc_row][vc_row][vc_column][vc_column_text]<\/p>\n<h2 style=\"text-align: center;\"><strong>TARIFS PAR NUITE POUR CARAVANES, CAMPING-CARS ET TENTES<\/strong><\/h2>\n<p style=\"text-align: center;\">Une pi\u00e8ce d&rsquo;identit\u00e9 sera r\u00e9clam\u00e9e lors de l&rsquo;inscription<\/p>\n<p>[\/vc_column_text][vc_empty_space][vc_column_text css=\u00a0\u00bb\u00a0\u00bb]<\/p>\n<h3 style=\"text-align: center;\"><strong>Camping*** 49 emplacements sur 1,7 hectares<\/strong><\/h3>\n<p style=\"text-align: center;\"><span style=\"color: #000000;\">7 emplacements tentes et caravanes<\/span><\/p>\n<p style=\"text-align: center;\">Aire pour 5 camping car<\/p>\n<p style=\"text-align: center;\">R\u00e9ouverture le 1er Mai<\/p>\n<h4>\u00a0<\/h4>\n<p>[\/vc_column_text][\/vc_column][\/vc_row][vc_row][vc_column][vc_column_text]<\/p>\n<\/p>\r\n<p>[\/vc_column_text][\/vc_column][\/vc_row][vc_row][vc_column][vc_empty_space][\/vc_column][\/vc_row][vc_row][vc_column][vc_column_text]<\/p>\r\n<p>\u00a0<\/p>\r\n\r\n<div class=\"wp-block-columns is-layout-flex wp-container-core-columns-is-layout-9d6595d7 wp-block-columns-is-layout-flex\">\r\n<div class=\"wp-block-column is-layout-flow wp-block-column-is-layout-flow\" style=\"flex-basis: 100%;\">\r\n<div class=\"wp-block-group\"><div class=\"wp-block-group__inner-container is-layout-flow wp-block-group-is-layout-flow\">\r\n<div class=\"wp-block-columns is-layout-flex wp-container-core-columns-is-layout-9d6595d7 wp-block-columns-is-layout-flex\">\r\n<div class=\"wp-block-column is-layout-flow wp-block-column-is-layout-flow\" style=\"flex-basis: 100%;\"><p>[\/vc_column_text][\/vc_column][\/vc_row][vc_row][vc_column]<div class=\"nicdark_archive1 nicdark_bg_grey left overflow_scroll\">\n<table class=\"nicdark_table extrabig\">\n<thead class=\"nicdark_border_grey\">\n<tr>\n<td class=\"nicdark_bg_violet\">\n<h4 class=\"white\">\u00a0EMPLACEMENT DE 100 m\u00b2 MINI<br \/>(nombre : 8)<\/h4>\n<\/td>\n<td class=\"nicdark_bg_green\">\n<h4 class=\"white\">BASSE SAISON:<br \/>01\/06 AU 04\/07 ET 30\/08 AU 30\/09<\/h4>\n<\/td>\n<td class=\"nicdark_bg_red\">\n<h4 class=\"white\">HAUTE SAISON:<br \/>05\/07 AU 29\/08<\/h4>\n<\/td>\n<\/tr>\n<\/thead>\n<tbody class=\"nicdark_bg_grey nicdark_border_grey\">\n<tr>\n<td>\n<h5 class=\"grey subtitle\"><span style=\"color: #363636;\"><strong>FORFAIT 2 PERSONNES<\/strong><\/span><br \/>Emplacement + 1 v\u00e9hicule + 2 personnes<\/h5>\n<\/td>\n<td>\n<h5 class=\"grey subtitle\">19,00 \u20ac<\/h5>\n<\/td>\n<td>\n<h5 class=\"grey subtitle\">24,00 \u20ac<\/h5>\n<\/td>\n<\/tr>\n<tr>\n<td>\n<h5 class=\"grey subtitle\"><span style=\"color: #363636;\">Tente + 1 randonneur<\/span><\/h5>\n<\/td>\n<td>\n<h5 class=\"grey subtitle\">14,00 \u20ac<\/h5>\n<\/td>\n<td>\n<h5 class=\"grey subtitle\">16,00 \u20ac<\/h5>\n<\/td>\n<\/tr>\n<tr>\n<td>\n<h5 class=\"grey subtitle\"><span style=\"color: #363636;\"><strong>PERSONNE SUPPLEMENTAIRE<\/strong><\/span><br \/>Adulte<br \/>Enfant 0 \u00e0 4 ans<br \/>Enfant 4 \u00e0 12 ans<br \/>Enfant 13 \u00e0 17 ans<br \/>Enfant &#8211; de 4 ans<\/h5>\n<\/td>\n<td>\n<h5 class=\"grey subtitle\">&#8211;<br \/>4 \u20ac<br \/>gratuit<br \/>3,00 \u20ac<br \/>4 \u20ac<br \/>Gratuit<\/h5>\n<\/td>\n<td>\n<h5 class=\"grey subtitle\">&#8211;<br \/>4,50 \u20ac<br \/>gratuit<br \/>3,50 \u20ac<br \/>4,5 \u20ac<br \/>Gratuit<\/h5>\n<\/td>\n<\/tr>\n<tr>\n<td>\n<h5 class=\"grey subtitle\"><strong><span style=\"color: #363636;\">SUPPLEMENTS<\/span><\/strong><br \/>Electricit\u00e9 10 A<br \/>* Sauf p\u00e9riode du 16\/12 au 31\/03 = 8,50 \u20ac<br \/>Jeton pour borne flots bleus (l&rsquo;unit\u00e9)<br \/>Animal<br \/>Tente suppl\u00e9mentaire<br \/>Voiture suppl\u00e9mentaire sur l&#8217;emplacement<br \/>Double essieu<\/h5>\n<\/td>\n<td>\n<h5 class=\"grey subtitle\">&#8211;<br \/>* 5 \u20ac<br \/>&#8211;<br \/>2.5 \u20ac<br \/>2.5 \u20ac<br \/>3,5 \u20ac<br \/>4 \u20ac<br \/>40,00 \u20ac<\/h5>\n<\/td>\n<td>\n<h5 class=\"grey subtitle\">&#8211;<br \/>5 \u20ac<br \/>&#8211;<br \/>2.5 \u20ac<br \/>3 \u20ac<br \/>4 \u20ac<br \/>4,50 \u20ac<br \/>40,00 \u20ac<\/h5>\n<\/td>\n<\/tr>\n<tr>\n<td>\n<h5 class=\"grey subtitle\"><strong><span style=\"color: #363636;\">AUTRES<\/span><\/strong><br \/>Location draps lit double (drap dessous + dessus + taies)<br \/>Location draps lit simple (drap dessous + dessus + taie )<br \/>Location Drap de bain<br \/>WIFI ( de 1 \u00e0 7 jours )<br \/>WIFI ( \u00e0 partir du 8em jour )<br \/>Plancha pour 1 jour (+ Caution 50 euros)<br \/>Frigo table top (par jour )<br \/>Location lit b\u00e9b\u00e9 (lit parapluie)<br \/>Location chaise haute b\u00e9b\u00e9 (prix pour le s\u00e9jour)<\/h5>\n<\/td>\n<td>\n<h5 class=\"grey subtitle\">&#8211;<br \/>9 \u20ac<br \/>8 \u20ac<br \/>2,50 \u20ac<br \/>2 \u20ac<br \/>1 \u20ac<br \/>5 \u20ac<br \/>3 \u20ac<br \/>3 \u20ac<br \/>6 \u20ac<\/h5>\n<\/td>\n<td>\n<h5 class=\"grey subtitle\">&#8211;<br \/>9 \u20ac<br \/>8 \u20ac<br \/>2,50 \u20ac<br \/>2 \u20ac<br \/>1 \u20ac<br \/>5 \u20ac<br \/>3 \u20ac<br \/>3 \u20ac<br \/>6 \u20ac<\/h5>\n<\/td>\n<\/tr>\n<tr>\n<td>\n<h5 class=\"grey subtitle\"><strong><span style=\"color: #363636;\">VISITEURS<\/span><\/strong><br \/>Par personne et par nuit\u00e9e<br \/>Taxe de s\u00e9jour , par personne et par nuit<\/h5>\n<\/td>\n<td>\n<h5 class=\"grey subtitle\">&#8211;<br \/>2,00 \u20ac<br \/>0,30 \u20ac<\/h5>\n<\/td>\n<td>\n<h5 class=\"grey subtitle\">&#8211;<br \/>2,00 \u20ac<br \/>0,30 \u20ac<\/h5>\n<\/td>\n<\/tr>\n<\/tbody>\n<\/table>\n<\/div>\n[vc_empty_space][vc_column_text]<\/p>\n<p style=\"text-align: center;\"><strong>LES EMPLACEMENTS ACCUEILLENT UN MAXIMUM DE 6 PERSONNES<\/strong><\/p>\n<p>[\/vc_column_text][vc_empty_space height=\u00a0\u00bb50px\u00a0\u00bb]<div class=\"nicdark_archive1 nicdark_bg_grey left overflow_scroll\">\n<table class=\"nicdark_table extrabig\">\n<thead class=\"nicdark_border_grey\">\n<tr>\n<td class=\"nicdark_bg_violet\">\u00a0<\/td>\n<td class=\"nicdark_bg_green\">\n<h4 class=\"white\">BASSE SAISON:<br \/>01\/06 AU 04\/07 ET 30\/08 AU 30\/09<\/h4>\n<\/td>\n<td class=\"nicdark_bg_red\">\n<h4 class=\"white\">HAUTE SAISON:<br \/>05\/07 AU 29\/08<\/h4>\n<\/td>\n<\/tr>\n<\/thead>\n<tbody class=\"nicdark_bg_grey nicdark_border_grey\">\n<tr>\n<td>\n<h5 class=\"grey subtitle\"><strong><span style=\"color: #363636;\">Parking Camping Car (par nuit\u00e9e)<\/span><\/strong><\/h5>\n<\/td>\n<td>\n<h5 class=\"grey subtitle\">13 euros<\/h5>\n<\/td>\n<td>\n<h5 class=\"grey subtitle\">14 euros<\/h5>\n<\/td>\n<\/tr>\n<\/tbody>\n<\/table>\n<\/div>\n[\/vc_column][\/vc_row][vc_row][vc_column][vc_column_text]<\/p>\n<\/p>\r\n<\/div>\r\n<\/div>\r\n<\/div><\/div>\r\n<\/div>\r\n<\/div>\r\n<p>\r\n\r\n[\/vc_column_text][\/vc_column][\/vc_row][vc_row][vc_column][vc_empty_space][vc_column_text css=\u00a0\u00bb\u00a0\u00bb]<\/p>\r\n<p><strong>Jetons 2 \u20ac<\/strong><br \/>Jetons Vidage et eau: 1 Jeton<br \/>Jetons Electricit\u00e9: \u00a01 jeton pour 4 h<\/p>\r\n<p>[\/vc_column_text][\/vc_column][\/vc_row][vc_column][\/vc_column][vc_row][vc_column][vc_empty_space][\/vc_column][\/vc_row][vc_column][\/vc_column][vc_column][\/vc_column]<\/p><\/div>","protected":false},"excerpt":{"rendered":"<p>[vc_row][vc_column][vc_column_text] [\/vc_column_text][\/vc_column][\/vc_row][vc_row][vc_column][vc_empty_space][\/vc_column][\/vc_row][vc_row][vc_column][vc_column_text] \u00a0 [\/vc_column_text][\/vc_column][\/vc_row][vc_row][vc_column][vc_empty_space][vc_column_text css=\u00a0\u00bb\u00a0\u00bb] Jetons 2 \u20acJetons Vidage et eau: 1 JetonJetons Electricit\u00e9: \u00a01 jeton pour 4 h [\/vc_column_text][\/vc_column][\/vc_row][vc_column][\/vc_column][vc_row][vc_column][vc_empty_space][\/vc_column][\/vc_row][vc_column][\/vc_column][vc_column][\/vc_column]<\/p>\n","protected":false},"author":1,"featured_media":0,"parent":0,"menu_order":0,"comment_status":"closed","ping_status":"closed","template":"","meta":{"footnotes":""},"categories":[],"tags":[],"class_list":["post-892","page","type-page","status-publish","hentry"],"_links":{"self":[{"href":"https:\/\/www.parcdeladranse.com\/camping\/wp-json\/wp\/v2\/pages\/892","targetHints":{"allow":["GET"]}}],"collection":[{"href":"https:\/\/www.parcdeladranse.com\/camping\/wp-json\/wp\/v2\/pages"}],"about":[{"href":"https:\/\/www.parcdeladranse.com\/camping\/wp-json\/wp\/v2\/types\/page"}],"author":[{"embeddable":true,"href":"https:\/\/www.parcdeladranse.com\/camping\/wp-json\/wp\/v2\/users\/1"}],"replies":[{"embeddable":true,"href":"https:\/\/www.parcdeladranse.com\/camping\/wp-json\/wp\/v2\/comments?post=892"}],"version-history":[{"count":54,"href":"https:\/\/www.parcdeladranse.com\/camping\/wp-json\/wp\/v2\/pages\/892\/revisions"}],"predecessor-version":[{"id":1575,"href":"https:\/\/www.parcdeladranse.com\/camping\/wp-json\/wp\/v2\/pages\/892\/revisions\/1575"}],"wp:attachment":[{"href":"https:\/\/www.parcdeladranse.com\/camping\/wp-json\/wp\/v2\/media?parent=892"}],"wp:term":[{"taxonomy":"category","embeddable":true,"href":"https:\/\/www.parcdeladranse.com\/camping\/wp-json\/wp\/v2\/categories?post=892"},{"taxonomy":"post_tag","embeddable":true,"href":"https:\/\/www.parcdeladranse.com\/camping\/wp-json\/wp\/v2\/tags?post=892"}],"curies":[{"name":"wp","href":"https:\/\/api.w.org\/{rel}","templated":true}]}}